)/(18/24). Suppose 0 = r - 2*z - 5, -6 = -2*r + s*z + 3*z. Calculate the remainder when 50 is divided by r.
11
Suppose 6*o - 8*o + 82 = 0. Let p = -24 + o. What is the remainder when p is divided by 10?
7
Suppose -2*i + 2*p = 158, 0 = -i - 3*i - 2*p - 286. Let c = i + 114. What is the remainder when c is divided by 14?
12
Let v(i) = -i**3 - 9*i**2 - 17*i + 3. What is the remainder when 70 is divided by v(-7)?
22
Let w = -28 + 46. Suppose -3*q - j + w = 0, 3*q = 2*j + 3*j + 36. Let s = 28 + q. Calculate the remainder when s is divided by 12.
11
Let a = 17 + -34. Let s = a + 36. Calculate the remainder when 36 is divided by s.
17
Suppose 2*o - 3*o + 2 = 0. Suppose -2*t + 46 = -4*a, 3*t + o*t + 4*a - 59 = 0. Calculate the remainder when t is divided by 8.
7
Let a(k) = 7*k - 17. What is the remainder when 67 is divided by a(5)?
13
Let i = -22 - -77. Suppose c - 2*c = -n + 70, -i = -n - 4*c. What is the remainder when n is divided by 23?
21
Calculate the remainder when 20 + (0 - 1 - 1) is divided by 5.
3
Let j(g) = -25*g + 4. Calculate the remainder when j(-2) is divided by 12.
6
Suppose 0 = 3*j + 4*h + h - 45, -j - 5 = -5*h. Let i = -27 - -45. What is the remainder when i is divided by j?
8
Let j(q) = 4*q - 12. Let i be ((-12)/(-9)*-3)/(-2). What is the remainder when j(11) is divided by (13 - 2) + 0/i?
10
Suppose -3*n - 18 = -4*m, -6*n + n = 5*m - 5. Calculate the remainder when 12 is divided by m.
0
Let y = 56 - 11. Let v = 24 + -12. Calculate the remainder when y is divided by v.
9
Suppose o - 4 = 24. Let t = o + -17. What is the remainder when 19 is divided by t?
8
Suppose -12*u = -9*u - 558. What is the remainder when u is divided by 38?
34
Let y be 242/(-6) - 4/6. Let i = y + 72. Calculate the remainder when i is divided by 11.
9
What is the remainder when 6 is divided by (-22)/(-14) + 27/63?
0
Let l be (0 - 1)*(-4 + 1). Let n = 8 - l. Suppose 4 = 3*a + 4*k - 42, -19 = -a - n*k. Calculate the remainder when 26 is divided by a.
12
Let a(i) = -i**2 - 5*i + 5. Let d be a(-6). Let h = -1 - d. Suppose -b - 5*y - 4 = h, 5*y = 3*b - b - 22. Calculate the remainder when b is divided by 4.
2
Calculate the remainder when (11*1)/((-4)/(-8)) is divided by 6.
4
Calculate the remainder when 43 is divided by 46/2 + 3 - 3.
20
Let s(v) = v**2 + 6*v + 7. Suppose -5*i - 33 = 2*p, -i - 13 = -0*i + 2*p. Calculate the remainder when 0 + 0/1 + 4 is divided by s(i).
0
Suppose 4*d = -5*c - 0*c - 1, c = 3*d - 4. Let o be c/4 - (-174)/24. Let j(b) = 5*b. Calculate the remainder when j(o) is divided by 12.
11
Let t = -8 - -6. Suppose 3 + 2 = a. What is the remainder when ((-6)/t)/((-4)/(-12)) is divided by a?
4
Suppose -162 = -3*s - 0*s. Suppose -o - 2*o = -s. What is the remainder when 69 is divided by o?
15
Let h(t) = -t**2 + t + 20. What is the remainder when h(0) is divided by 7?
6
Suppose 0 = -n + 6*n - 10. Suppose -n*r = -0*r - 6. Suppose -2*f = -f - r. What is the remainder when f is divided by 2?
1
Let i be 3*(-1 - 7/3). Let z = -7 - i. What is the remainder when z is divided by 1?
0
Let c(n) = n**2 - n. Let p be c(0). Suppose 3*l - 7*l + 20 = p. Calculate the remainder when 8 is divided by l.
3
Let d be (-272)/28 + 4/(-14). Let t = 21 + d. Calculate the remainder when 2*-2*63/(-12) is divided by t.
10
Suppose 3*i - 21 = -6. Let z(a) = -a. Let q be z(-2). Suppose 24 = 4*b - q*b. What is the remainder when b is divided by i?
2
Suppose 2*d + 4*p = 8, 5*d - p = -0*p + 31. Let i = -36 + 45. Calculate the remainder when i is divided by d.
3
Suppose 3 = -4*w + 11. Let l = 12 + w. Let a = 6 - -34. Calculate the remainder when a is divided by l.
12
Let j(y) = 2*y + 6. What is the remainder when ((-305)/2)/5*-2 is divided by j(5)?
13
Suppose 2*w + 19 = 5*p, 0 = -2*w + w - p + 1. Let y(f) = f**2 + 2*f - 2. Let d be y(w). What is the remainder when ((-9)/d - 1)*2 is divided by 3?
1
Suppose -3*x + 0*x + 4*t = -21, 4*x + 5*t + 3 = 0. Suppose 0 = -2*h - x*h - 15, -5*a + 125 = -5*h. What is the remainder when a is divided by 8?
6
Suppose y = 1 + 3. Let w(o) = o**2 - o - 5. What is the remainder when w(y) is divided by 5?
2
Let u(h) = -5*h + 3. Let t be u(6). Let g = t + 44. Suppose 0 = 5*q + 5*n - 14 - 1, -3*q + 21 = -n. Calculate the remainder when g is divided by q.
5
Let v(n) = 0*n**2 - 9 - n**2 + 6*n + 23. Calculate the remainder when 53 is divided by v(6).
11
Suppose 0*h + 2*h - 24 = 0. Suppose -3*s = -7*s + h. What is the remainder when 3 is divided by s?
0
Let x(h) = 2*h - 1. Let m(s) = 2*s - 2. Let z(t) = -3*m(t) + 2*x(t). Calculate the remainder when 19 is divided by z(-4).
7
What is the remainder when (-6)/(10 - 9 - (-94)/(-88)) is divided by 13?
10
Let x(y) = y**3 - 10*y**2 - 11*y + 10. Let j be x(11). Suppose -j*a + 9*a = -77. Calculate the remainder when a is divided by 20.
17
Suppose -185 = -5*u + y, 0 = -2*u - 3*u - 4*y + 185. Let w(a) = 5*a + 4. Let d be w(-4). Let s = 29 + d. What is the remainder when u is divided by s?
11
Let f(p) = -2*p**2 - 3*p**2 - 2 + 5*p**2 - 2*p**2 - 3*p**3 - 4*p. Calculate the remainder when f(-2) is divided by 6.
4
Suppose 5*j - 17 = g, -g = 4*j + 1 - 29. Let l = 5 + g. What is the remainder when 23 is divided by l?
10
Suppose 0 = -31*q + 24*q + 518. Calculate the remainder when q is divided by 16.
10
What is the remainder when (-1)/(28/(-9) - -3) is divided by 6?
3
Let m(n) = n + 1. Let p(k) = -k**3 + 2*k**2 + 4. Let z be p(3). Calculate the remainder when m(4) is divided by (2 + (-26)/10)*z.
2
Let l(u) = 6*u**2 + 7*u + 9. Calculate the remainder when 52 is divided by l(-2).
14
Suppose -5*a + c = -7*a + 191, c = a - 88. Let g = a - 60. Calculate the remainder when g is divided by -3*3/((-9)/17).
16
Suppose -3*z + 2*z = -21. What is the remainder when z is divided by 11?
10
Let k(q) = -q**2 + 9*q - 5. Suppose 3 = -2*v + 1. Calculate the remainder when k(8) is divided by v + 4/6*3.
0
Suppose 3*n - 466 = 2*v, 0*n + 317 = 2*n + 5*v. Suppose -2*m - 2*m = -n. What is the remainder when m is divided by 10?
9
Suppose -3*g + 6*g - 57 = 0. What is the remainder when g is divided by 4/((-40)/(-6)) + 188/20?
9
Let s be 278/8 + 2/8. Suppose 2*u - 11 = 11. Suppose -s + u = -c. Calculate the remainder when c is divided by 13.
11
Let k be (-2)/(-2) + (4 - 14). Let j(h) be the third derivative of h**4/24 + 5*h**3/3 - 2*h**2. Calculate the remainder when 1 is divided by j(k).
0
Let p = -33 + 87. Suppose -2*v + p = v. Suppose -3*r = 2*r - 50. What is the remainder when v is divided by r?
8
Let z(c) be the third derivative of -c**6/120 - 17*c**5/60 - 19*c**4/24 - 7*c**3/2 + 9*c**2. Calculate the remainder when z(-16) is divided by 14.
13
Let y = 20 - 35. Let l = y + 17. What is the remainder when 3 is divided by l?
1
Suppose -2*a + 13 = -5. Suppose -2*z = -z - 17. What is the remainder when z is divided by a?
8
Let t = 51 + -28. Calculate the remainder when (-9 + -1)*9/(-2) is divided by t.
22
Let f(h) = 21*h**2 + 4*h + 2. Calculate the remainder when f(-2) is divided by 10.
8
Let c(t) = 5*t - 2. Let m = -4 + 8. Suppose 0 = -5*f + 4*b + 273, -5*f - 3*b + 277 = 18. Calculate the remainder when f is divided by c(m).
17
Let r(s) = s**2 + 9*s + 11. Calculate the remainder when 19 is divided by r(-9).
8
Let d(g) = -g**2 - 8*g - 2. Let s(f) be the third derivative of -f**4/24 - 5*f**3/6 - f**2. Let j be s(0). What is the remainder when 24 is divided by d(j)?
11
Let r(i) = -i**3 - i**2 - 1. Let z be r(-2). Suppose 3*t = z*m - 63, t - 4*m = 6*t + 69. Let b = -5 - t. What is the remainder when 22 is divided by b?
10
What is the remainder when 475/4 + (-2)/(-8) is divided by 20?
19
Suppose -4*w = -3 - 1, 0 = m + 5*w - 24. What is the remainder when 55 is divided by m?
17
Let b = -10 - -20. Let n(l) = -1 + 5*l - 13*l + 2*l**3 + 6*l**2 - 4*l**3 + 3*l**3. Calculate the remainder when b is divided by n(-7).
4
Let g = -3 - -5. Let a be -3 + (g - (-2 - -1)). Suppose 4*j + k - 15 - 4 = a, -4*k = 4*j - 28. Calculate the remainder when 6 is divided by j.
2
Let v = 17 - 8. Suppose -3*u + 30 + v = 0. Calculate the remainder when u is divided by 7.
6
Suppose 2*x + 13 + 16 = 3*k, -3*k + 3*x + 27 = 0. What is the remainder when 42 is divided by k?
9
Suppose -3*d = -71 - 64. What is the remainder when d is divided by 12?
9
Let v(r) = -4*r - 31. What is the remainder when